. Suppose 0 = 3*f + 12, -5*m - 2*f = -10*m + b. Is m a composite number?
True
Let u(i) = 3218*i - 4275. Is u(82) a prime number?
False
Suppose 133 = 3*l - 2*w - 3*w, w + 2 = 0. Is (1 - 1900)*l/(-369) a composite number?
False
Let v(y) = -54*y**2 - 6*y - 42. Let h be v(17). Let p = 6989 - h. Is p a composite number?
False
Let b(r) = 30394*r + 439. Is b(3) a prime number?
True
Suppose 2*m = 5*l - 16723, 4*m + 16695 = 5*l + 9*m. Is l composite?
False
Suppose -58*m = -54*m - 8. Suppose 0 = -m*i + 5*i - 2307. Is i a prime number?
True
Let b be -4 - ((2 - 19127) + 32/16). Let u = b - 12776. Is u composite?
False
Is -2 + 2 + -5 + (3 - -2) + 91271 a prime number?
False
Suppose -5*t + 2*w + 10 = -2*w, -5*t + 3*w + 15 = 0. Suppose -14534 = t*q - 73760. Is q composite?
False
Is 23573061/33 - (3 - 372/132) a prime number?
False
Let s(v) = 84*v**3 + 12*v**2 - 67*v - 39. Is s(10) a prime number?
False
Suppose 8 = 4*h + 4. Let j be 3/18 - (-9449)/6*h. Suppose 5*m - 80 = j. Is m prime?
True
Suppose 0 = -61*t + 50171 + 268122 + 78390. Is t composite?
True
Suppose 0 = -468*q + 477*q - 189477. Is q prime?
False
Let l(o) = 4 + 19*o**2 - 15 - 20*o**2 - 6 + 38*o. Is l(34) a composite number?
True
Suppose -96 = -13*n + 73. Let p(d) = 6*d**3 - 29*d**2 + 2*d + 14. Is p(n) prime?
False
Let g(x) = x**2 - 2. Let q be g(2). Suppose 0 = 4*c - 3 + 23, 4*c = -5*b - 20. Suppose 3*l - q*k - 3365 = 2*l, 4*l - 2*k - 13442 = b. Is l composite?
False
Suppose 0 = -4*m + 18 - 6. Suppose 45*u + 13*u = 4*u + 324. Is 1440 + -2*m/u a prime number?
True
Let i = 195256 + -84965. Is i a prime number?
True
Let s be (-5 - -3)*(0 + 6 - 28). Suppose 43*t + 166 = s*t. Is t a composite number?
True
Let n(o) = -16*o - 139. Let j be n(-9). Suppose -3*x - 1841 + 5164 = 2*g, -6643 = -4*g - j*x. Is g prime?
True
Suppose -7*r = -7 + 49. Is (1912/(-32) + r)*4*-1 a composite number?
False
Let l(x) = -5860*x + 73. Is l(-34) prime?
True
Let w(z) = 22484*z - 463. Is w(4) a prime number?
False
Let l(g) = -g**3 - 131*g**2 - 687*g + 693. Is l(-148) prime?
True
Let h = 395 - 393. Suppose 4*j = -2*b + 21194, 2*j + h*b + 6165 = 16761. Is j composite?
True
Let w be 9/45 - (372/(-15) + -1). Suppose -38*p = -w*p - 51348. Is p composite?
True
Let n be ((-20)/(-16))/(2/8). Suppose -n*s + 7771 = -6294. Is s a prime number?
False
Let h = -25508 + 44441. Is h a prime number?
False
Let f(q) = -1470*q + 7439. Is f(-38) prime?
True
Let r = -320306 - -464145. Is r a prime number?
False
Suppose -n + 2*n - 3 = 0. Let t = 7455 + -12316. Is t/(-3) + (n - (-42)/(-18)) a prime number?
True
Let c(a) = -a**3 - 42*a**2 + 318*a + 152. Is c(-51) a prime number?
False
Suppose 104 = 7*i - 3*i. Suppose 31*z - 209 = i*z - 3*v, -5*v - 182 = -4*z. Is z prime?
True
Let y(w) = 93*w + 6. Let h(q) = -5*q + 10. Let v be h(4). Let m be (v - -12)/(4/10). Is y(m) a composite number?
True
Suppose 0*t - 4*t = -72. Let f(i) be the second derivative of 26*i**3/3 - 29*i**2/2 - 1435*i. Is f(t) prime?
True
Suppose -6*y - 102 = -12*y. Suppose -30136 = -y*f + 12721. Is f prime?
True
Let s(y) = -y**3 - 17*y**2 - 2*y + 36. Let t(i) = 1. Let z(q) = s(q) - 2*t(q). Let n be z(-12). Is n/(-6)*(32 - 29) composite?
False
Let i(q) be the third derivative of 1183*q**5/60 + q**4/4 - 11*q**3/6 + 186*q**2 + 1. Let d(u) = -3*u**3 - 2*u**2 - 2*u - 1. Let g be d(-1). Is i(g) composite?
False
Let u = 4 - 7. Let v(n) be the third derivative of 3*n**5/10 - n**4/8 + 7*n**3/6 - 1579*n**2. Is v(u) prime?
False
Suppose 0 = 3*q + 9*q + 10*q - 87758. Is q prime?
True
Suppose 2*u + 84781 = 3*n, -n + 5*u + 14296 + 13960 = 0. Is n a composite number?
True
Let n = 11 + 11. Suppose n*o + 135 = 31*o. Suppose 1659 = -o*v + 18*v. Is v prime?
False
Let w(d) = -203*d**3 - 3*d**2 + 15*d + 11. Is w(-6) a prime number?
True
Suppose 3*c = 630 + 546. Suppose 0 = 6*w - 5*w + 4*w. Suppose 4*b = w, 2*r = -b - 18 + c. Is r a prime number?
False
Is 131081*(24/6 - 2)*(-7)/(-14) composite?
True
Suppose -30788 = a + 3*x - 88411, 3*a - 172847 = 2*x. Is a a composite number?
True
Let c(l) = -6324*l + 3527. Is c(-71) prime?
True
Let r be 2/18 - 5/135*111. Is (8498 - r) + 6 - 7 a composite number?
False
Suppose x - b = -3*x + 1282929, -2*x - b = -641469. Suppose -5*d = 104678 - x. Is d a prime number?
False
Let r(g) = 914*g + 915*g - 176*g + 2. Suppose -3 = 5*y + 7, -2*y = -3*v + 7. Is r(v) a composite number?
True
Suppose -5*a - 2*s + 372543 = 0, -3*s - 40533 = -a + 33962. Suppose -a = -3*n - 2*y, -y + 2*y = 1. Is n composite?
True
Suppose -109800 = -70*a + 65*a. Suppose -2*p + 8796 = 2*t, 12*t - 7*t - a = p. Is t prime?
False
Let y(l) = 53*l + 5798. Is y(75) composite?
True
Suppose 4*g - 42 = 2*i, -28 = -4*g - 5*i + 35. Suppose 0 = 4*o + 32 - g. Is 1/(3/(-4005)*o) composite?
True
Suppose 10*n - 13*n + 72 = 4*p, 0 = p + 5*n - 35. Suppose -p*g - 2251 = -16*g. Is g a composite number?
False
Let u(o) = -o**3 - 22*o**2 - 23*o - 39. Let p be u(-21). Suppose 4*t + 4*i = 2*i + 42302, -p*t - 4*i + 31719 = 0. Is t a composite number?
True
Let h = -140512 - -431189. Is h a prime number?
True
Let f = -340346 - -1322367. Is f prime?
True
Let k = 7486 + 15098. Is k/96 + 1/(-4) prime?
False
Suppose 3*f = -5*t + 10 - 3, -4*f = 2*t. Is f/(-6) + 83681/78 a prime number?
False
Let i = -24150 + 48575. Suppose 8*y - 16280 = -2*m + 7*y, -y = -3*m + i. Is m a composite number?
True
Is (22/4)/(53/92962) a composite number?
True
Is 3/6*2*(49629 + -106) prime?
True
Let m(j) = -7*j + 15. Let w = 29 - -11. Suppose -2*p = 0, w = -2*o - 3*o + 2*p. Is m(o) a composite number?
False
Let u(p) = -p**2 - 45*p - 175. Is u(-37) prime?
False
Suppose 3*g - 3*x = 1198080, -1006*x = g - 1010*x - 399381. Is g composite?
False
Suppose 0 = 4*y + 2*s - 26614, 7*s = 5*y + 11*s - 33269. Is y a prime number?
True
Is ((-2)/8*186710)/(((-6)/6)/2) prime?
False
Let p(k) = -k**3 + 34*k**2 + 27*k - 397. Is p(16) a composite number?
False
Suppose 33*h = 28*h - 210. Is (28889/h)/((-3)/18) a prime number?
True
Suppose 123*r + 716679 = 5*b + 121*r, 5*b - 716663 = 4*r. Is b a composite number?
True
Let k(v) = 3*v**2 - 23*v + 20. Let w be k(7). Suppose w*z + 1037 - 7439 = 0. Is z prime?
False
Suppose 3*l = 15, 3*x - 10*l - 14 = -5*l. Suppose -x*t + 89272 = -21189. Is t composite?
True
Let r(g) = -9065*g - 444. Is r(-5) a prime number?
False
Let r(k) = -1780*k - 2. Let c be r(-6). Suppose -c = -6*v + 10658. Is (3 - 1)/(2*4/v) a composite number?
True
Let k = -70 + 76. Suppose 13891 + 5249 = -k*d. Let w = d - -5673. Is w prime?
False
Suppose -4*u - 19583 = -2*s + 5871, s + 2*u - 12751 = 0. Is s prime?
True
Let t be 6/(-27) - (-1722)/(-27). Let p = t + 1431. Is p composite?
False
Suppose 4*j + 4*b = -0*j + 232, -2*j + 4*b + 104 = 0. Let s be (j/16)/(3/12). Let x(p) = 2*p**3 - 17*p**2 - 7*p + 1. Is x(s) composite?
True
Let a(f) = 12*f - 7. Let z be a(-1). Let p(j) = 111*j**2 - 4*j - 13. Let g be p(z). Suppose -13*r = -g + 12145. Is r composite?
False
Let j(a) = -a**3 - 16*a**2 - 40*a - 33. Let m be j(-15). Is -278*(m/144)/((-1)/4) prime?
False
Suppose 251*h - 242*h = 2538603. Is h a composite number?
True
Let q be 32/(-3)*(-19815)/10. Suppose -q = -11*j + 6925. Is j composite?
False
Suppose -60*y + 1019558 = -4365622. Is y a composite number?
False
Let f(p) = 2*p**2 - 55*p - 28. Let k be f(28). Is (k - -1)*(-9 - -4714) composite?
True
Suppose 4*g + 12 = 0, 0*a - a + g = -6. Suppose -a*k + 10 = -14. Is (k/2 - 3) + 158 a prime number?
False
Suppose -3*x + 271762 - 16578 = 13*x. Is x a composite number?
True
Let t(w) = 18*w**2 + 2*w - 2. Let b(c) = 196*c - 17*c**2 - 199*c + 11*c**2 - 12*c**2 + 3. Let i(j) = 4*b(j) + 5*t(j). Is i(-6) prime?
False
Let y(j) = 35*j**2 - 2*j - 15. Suppose 0 = 2*a + 4*z + 24, 0*a - 2*a = -3*z - 4. Let o be y(a). Let v = 244 + o. Is v a prime number?
True
Let r = 376 + -352. Suppose 5*w - 14 = j, -5*w + 0*j - j + 16 = 0. Is w/(-1)*2*(-5380)/r prime?
False
Let x(o) be the second derivative of o**5/20 - o**4/12 - 29*o**3/6 + 2*o**2 + 19*o. Is x(13) a prime number?
False
Let h(l) = -68774*l + 1163. Is h(-6) a composite number?
False
Suppose 0 = -k + 3*u + 8, -2*k = -4*k + 2*u + 20. Let r(j) = -7*j**2 - k*j - 3*j**2 + j**2 + 18 + j**3. Is r(11) prime?
True
Let b(g) = -g**3 - 8*g**2 - 4*g - 11. Let f be (-45)/10*(-4)/3. Suppose 3*h + 5*x + 49 = 